20302
-6f4 (base 16) to base 14
-912
What is 20020 (base 3) in base 10?
168
-986 (base 12) to base 13
-837
Convert -68 (base 13) to base 8.
-126
-2a19 (base 16) to base 15
-32d7
What is -3736 (base 8) in base 12?
-11ba
Convert 1222122 (base 3) to base 12.
a08
Convert -1101000001 (base 2) to base 7.
-2300
Convert 5062 (base 12) to base 14.
3266
Convert 3f (base 16) to base 13.
4b
Convert -100010001110001 (base 2) to base 8.
-42161
What is 6632 (base 7) in base 15?
a85
-58 (base 12) to base 8
-104
What is b0b (base 14) in base 3?
2222021
Convert -110010010101 (base 2) to base 9.
-4368
Convert -210340 (base 5) to base 9.
-10504
Convert 53043 (base 8) to base 15.
6801
-206 (base 11) to base 10
-248
-5e9 (base 16) to base 4
-113221
5409 (base 11) to base 10
7148
What is 1131103 (base 5) in base 9?
31446
What is -9a57 (base 11) in base 4?
-3033003
Convert 2222032 (base 4) to base 6.
122234
Convert -111111011011 (base 2) to base 16.
-fdb
What is 761b (base 14) in base 10?
20409
Convert -20545 (base 7) to base 8.
-11730
What is 1131 (base 7) in base 8?
636
What is -80b0 (base 16) in base 10?
-32944
-101111010001010 (base 2) to base 6
-304014
Convert -1311 (base 5) to base 12.
-152
What is 12c3a (base 13) in base 2?
1000100011011000
What is 13220 (base 4) in base 3?
200002
3258 (base 9) to base 7
10001
-22e (base 16) to base 5
-4213
Convert -432241 (base 5) to base 12.
-8608
-426d (base 14) to base 3
-120201122
-7b5 (base 16) to base 10
-1973
What is -282 (base 12) in base 5?
-3021
1111100000101110 (base 2) to base 4
33200232
What is -32646 (base 7) in base 14?
-2dcd
What is 431 (base 7) in base 9?
262
-8e6 (base 16) to base 15
-a1d
What is -4681 (base 12) in base 11?
-5a08
Convert -570 (base 14) to base 11.
-8a0
Convert -2245 (base 7) to base 14.
-425
Convert -1001111010000010 (base 2) to base 6.
-511510
Convert -21191 (base 10) to base 11.
-14a15
Convert 1000111 (base 2) to base 4.
1013
1297 (base 10) to base 15
5b7
-505 (base 8) to base 13
-1c0
-1490 (base 14) to base 10
-3654
17321 (base 9) to base 5
340201
Convert -a049 (base 11) to base 8.
-32063
Convert 448 (base 13) to base 3.
1000021
What is -1464 (base 14) in base 6?
-24424
101354 (base 8) to base 7
166500
-10110000 (base 2) to base 16
-b0
1226 (base 9) to base 3
1020220
What is -6089 (base 16) in base 11?
-17627
-2880 (base 10) to base 15
-cc0
What is 11001001010111 (base 2) in base 12?
755b
What is 1101001001011 (base 2) in base 9?
10208
Convert -56212 (base 8) to base 14.
-88c2
Convert -1101002210 (base 3) to base 5.
-1331143
Convert -1222210 (base 3) to base 10.
-1452
234245 (base 6) to base 13
9398
What is -154 (base 14) in base 5?
-2040
What is -162 (base 16) in base 13?
-213
Convert 291c (base 14) to base 5.
213103
-2102 (base 6) to base 9
-572
2323 (base 5) to base 8
522
-6a47 (base 11) to base 2
-10010000011111
Convert -1012 (base 10) to base 11.
-840
What is 11111011011 (base 2) in base 5?
31021
What is 123023 (base 4) in base 9?
2342
4c7 (base 14) to base 6
4235
-32 (base 8) to base 3
-222
Convert 4614 (base 12) to base 9.
11617
What is 2b98 (base 12) in base 13?
2468
42324 (base 8) to base 14
65c8
Convert 1020011022 (base 3) to base 12.
11ba5
-113052 (base 9) to base 5
-4132334
Convert -32053 (base 8) to base 3.
-200022122
What is -bfd (base 16) in base 13?
-1521
Convert -10111100 (base 2) to base 16.
-bc
Convert 550055 (base 6) to base 8.
130523
What is 122055 (base 7) in base 2?
101011100111111
-1425 (base 12) to base 16
-91d
What is -8343 (base 11) in base 5?
-323213
What is 145312 (base 6) in base 13?
659c
32430 (base 5) to base 2
100011000000
Convert 329 (base 10) to base 6.
1305
What is -50022 (base 6) in base 8?
-14536
Convert -535 (base 9) to base 2.
-110110101
Convert -31240 (base 5) to base 9.
-2750
What is 248 (base 15) in base 11?
431
Convert -13233 (base 6) to base 9.
-2713
What is -81058 (base 10) in base 2?
-10011110010100010
What is 7 (base 14) in base 15?
7
-496 (base 10) to base 8
-760
Convert -76179 (base 10) to base 2.
-10010100110010011
What is 103011 (base 4) in base 7?
3363
Convert -111210110 (base 3) to base 11.
-7612
What is 15668 (base 13) in base 4?
21323012
-1156 (base 10) to base 16
-484
What is -2050 (base 6) in base 2?
-111001110
Convert -33434 (base 6) to base 10.
-4702
11031 (base 5) to base 16
2fe
Convert 212111 (base 3) to base 8.
1172
Convert 110101000011 (base 2) to base 15.
1015
Convert 19c (base 14) to base 11.
284
-6824 (base 14) to base 9
-26701
234 (base 9) to base 3
21011
What is -301113 (base 4) in base 10?
-3159
-1a951 (base 11) to base 10
-29096
-ce (base 16) to base 11
-178
66 (base 14) to base 7
156
Convert a175 (base 11) to base 15.
400d
Convert -1210111 (base 3) to base 5.
-20214
10212 (base 6) to base 16
560
31030 (base 5) to base 4
133133
What is -17484 (base 9) in base 3?
-121112211
Convert -604 (base 8) to base 7.
-1063
What is 2580 (base 11) in base 3?
11121021
Convert -14200 (base 6) to base 7.
-6336
Convert 2da (base 14) to base 7.
1463
1110110100 (base 2) to base 8
1664
What is -16163 (base 7) in base 8?
-10711
What is -9740 (base 11) in base 5?
-402440
10545 (base 12) to base 13
9a37
Convert -310 (base 10) to base 5.
-2220
Convert 11220230 (base 4) to base 9.
34588
22495 (base 10) to base 4
11133133
Convert 5753 (base 8) to base 11.
2324
Convert 283 (base 10) to base 14.
163
What is 6a27 (base 11) in base 2?
10010000001001
Convert 8463 (base 15) to base 7.
144420
Convert 2663 (base 7) to base 2.
10000000001
Convert -232200 (base 4) to base 15.
-d36
2120010 (base 5) to base 14
cdb0
a42 (base 12) to base 6
10522
Convert 100001101010011 (base 2) to base 8.
41523
Convert -320233 (base 5) to base 6.
-121301
What is -4353 (base 7) in base 4?
-120111
Convert -313 (base 7) to base 2.
-10011101
What is -1110011201 (base 3) in base 14?
-a59c
8244 (base 10) to base 3
102022100
Convert -71 (base 12) to base 5.
-320
-94 (base 12) to base 5
-422
What is -1b4 (base 14) in base 4?
-11202
Convert 115113 (base 8) to base 12.
1aa37
281b (base 12) to base 13
2153
What is 1010100000 (base 2) in base 9?
826
What is 63 (base 15) in base 3?
10110
Convert -200024 (base 6) to base 10.
-15568
209 (base 15) to base 8
713
What is -1100000000111 (base 2) in base 14?
-2355
What is -98e1 (base 15) in base 5?
-2014021
Convert 13397 (base 15) to base 14.
18619
Convert 1727 (base 13) to base 5.
102123
-d3d (base 14) to base 9
-3512
What is 1c6b (base 13) in base 14?
1802
What is 3425 (base 14) in base 4?
2031121
What is 1e8f (base 16) in base 11?
5972
What is 102222 (base 3) in base 14?
191
41255 (base 6) to base 12
322b
4bb (base 12) to base 7
2045
Convert 10453 (base 7) to base 10.
2635
152131 (base 6) to base 2
11100110010111
Convert -20114 (base 7) to base 5.
-123422
What is -140 (base 6) in base 3?
-2020
4495 (base 12) to base 6
55105
What is -11902 (base 11) in base 14?
-630b
Convert -2aaa (base 16) to base 4.
-2222222
Convert -943 (base 10) to base 8.
-1657
Convert 13b12 (base 12) to base 9.
41665
What is -24130 (base 6) in base 9?
-4730
-45143 (base 6) to base 12
-37b3
Convert 3216 (base 16) to base 8.
31026
Convert -152544 (base 7) to base 6.
-345503
Convert 3a73 (base 16) to base 2.
11101001110011
-22400 (base 7) to base 11
-42a8
What is -132441 (base 6) in base 4?
-2333221
Convert 454 (base 6) to base 13.
109
What is 213a (base 15) in base 7?
26332
Convert 4763 (base 9) to base 2.
110111010100
12201 (base 4) to base 10
417
766 (base 12) to base 16
43e
Convert -12144 (base 5) to base 15.
-419
Convert 10d (base 16) to base 2.
100001101
What is 43452 (base 6) in base 13?
2972
Convert 230302 (base 4) to base 9.
3834
What is 27033 (base 8) in base 2?
10111000011011
What is 5432 (base 6) in base 2?
10011011100
What is -10313 (base 4) in base 12?
-21b
Convert 52086 (base 9) to base 10.
34341
-625 (base 8) to base 14
-20d
-10b7 (base 13) to base 4
-210223
What is 208 (base 14) in base 16?
190
1404 (base 7) to base 11
454
42630 (base 8) to base 14
66c8
What is -16664 (base 9) in base 16?
-2cd7
What is 216 (base 15) in base 4?
13113
Convert 1c3 (base 16) to base 5.
3301
What is 660 (base 9) in base 13?
327
What is -5054 (base 8) in base 3?
-10120110
Convert c8c4 (base 13) to base 10.
27876
Convert 10de (base 15) to base 9.
4822
Convert 14050 (base 7) 